16 and v?
64
Suppose -4*l = 3*r - 289, -311 = -5*l - 3*r + 48. Let h be ((-448)/40)/(6/(-75)). Suppose 32*b - 37*b = -h. What is the highest common factor of l and b?
14
Let m be -3 - -1*(116 + (5 - 10)). Suppose -18*h + 0*h = -m. Calculate the highest common divisor of h and 4.
2
Suppose c - 8 - 7 = 0. Suppose -2*n = n - c. Suppose 3*m = 5*y + 79, -n*y = -3*m - 2*y + 69. What is the highest common divisor of 144 and m?
18
Suppose 15*x + 111 = 12*x. Let j = x + 38. Suppose 8*m - 5*m = 12. Calculate the greatest common factor of j and m.
1
Let b = 15 - 1. Suppose -b*r = -17*r + 36. Let c(x) = 2*x. Let d be c(r). Calculate the greatest common divisor of d and 3.
3
Let c = 96 + -100. Let v be (-2 - 5/c) + 11452/16. Calculate the greatest common factor of v and 65.
65
Let l be (-165)/99 - (-2950)/6. Suppose 3*p + 510 = 5*n, 5*n + 0*n + p = l. What is the greatest common factor of n and 9?
9
Suppose 72*w = 5*w + 51925. Calculate the greatest common factor of 465 and w.
155
Suppose -3*q + 2472 = -600. Let l = 408 - 376. What is the highest common factor of l and q?
32
Suppose -207*m - 18*m + 3041647 = 499822. Calculate the greatest common factor of 39 and m.
13
Let l(x) = 5*x**2 - 10*x - 36. Let y be l(-3). Let a = 30 - 21. Let o = y + a. Calculate the highest common factor of o and 12.
12
Let y = 1349 - 1305. What is the greatest common divisor of 5104 and y?
44
Suppose 9*l + 104 = 10*l - 5*x, 3*l + x = 328. What is the highest common factor of l and 8938?
109
Let o(f) = f - 6*f + 4 - 9 - 5*f**2 - 1. Let q be o(-2). Let w be (-4)/q + (-1212)/(-16)*1. Calculate the highest common factor of 38 and w.
38
Let m be 48/80 - 3/5. Suppose -9*u + m = -45. Suppose 5*d + 23 = -u*a + 133, -3*a = -d - 46. What is the highest common factor of a and 187?
17
Let l be 2/(-18) + 1098111/189 + 1. What is the highest common divisor of 13 and l?
13
Let u be -2 + 5 - (21 + 1). Let o = -14 - u. Let x(g) = g**3 - 5*g**2 + 4*g + 7. Let c be x(o). What is the greatest common factor of c and 3?
3
Let o(c) = c**3 + 3*c**2 - 10*c - 12. Let x be o(-8). Let z be (-54369)/x - ((-10)/(-8))/(-5). Calculate the highest common divisor of 8 and z.
8
Suppose -2*s + 28122 = 5*z, -2*z + s = 3040 - 14296. What is the greatest common divisor of z and 29?
29
Suppose 2411 - 899 = g. Suppose g = 6*y + 2*y. Let x = 299 - y. What is the greatest common divisor of x and 10?
10
Let k be (-18598)/(-8) + 479/1916. What is the highest common divisor of k and 1581?
93
Let m be (-560)/(-12)*(-19)/(342/(-27)). Suppose -40 = i - 3*i. What is the highest common factor of i and m?
10
Suppose -2*l = -l - 21. Suppose -3*r + 15 + l = 0. Let y be 333/r - 3/(-12). What is the highest common factor of 4 and y?
4
Suppose 24 = o + p, 8*o - 42 = 5*o + 2*p. What is the greatest common divisor of 852 and o?
6
Suppose -10*u + 2722 + 12898 = 0. Suppose -176*d = -187*d + u. What is the greatest common divisor of d and 355?
71
Suppose 101*w - 173872 + 27514 = 41401. Calculate the greatest common factor of 22 and w.
11
Suppose 0 = -2*a + 4*d, a - 4*a + 10 = -4*d. Calculate the highest common factor of 720 and a.
10
Let y be 72/7 + 2/(-7). Let j(a) = -a**3 - 35*a**2 + 381*a + 14280. Let u be j(-34). Calculate the highest common factor of u and y.
10
Let t(m) = m**2 + 39*m + 501. Let w be t(-73). Calculate the highest common divisor of 19 and w.
19
Let v(j) = -j**2 + 115*j - 2242. Let k be v(25). What is the greatest common divisor of k and 7688?
8
Suppose 125*s - 152806 = 235694. What is the highest common divisor of s and 296?
148
Let r = 69 + -57. Suppose -181 = -u + 4*f, -163 = -u - r*f + 10*f. Let a = 379 - u. Calculate the highest common factor of a and 30.
30
Let q(d) = -3*d**2 - d + 5. Let r be q(11). Let c be 1/(-1)*2/((-18)/r). Let z be c/(-1) + (-5)/5. Calculate the highest common divisor of z and 30.
10
Suppose -15 = -4*t + j, 5*t - 3*j = -5*j + 9. Suppose -23 = t*x - 44. Calculate the highest common divisor of x and 119.
7
Suppose -201*r + 46533 = 3*r + 7161. Calculate the highest common divisor of r and 2.
1
Let k be -2*3/(-6)*3. Let c be 4/((4/5)/((-10)/25)). Let p be (231/(-22))/((1/c)/1). What is the greatest common factor of k and p?
3
Let t(y) = y**3 + 74*y**2 - 157*y - 170. Let q be t(-76). Calculate the greatest common factor of q and 24.
6
Let p(b) = 15*b**2 - 58*b + 4. Let v be p(10). Calculate the greatest common factor of v and 3036.
132
Suppose -2*k = -49*r + 50*r - 12, -2*k = -4*r + 78. Calculate the highest common divisor of r and 1662.
6
Suppose -3*x = -28 - 14. Let g = x - -6. Suppose 2*m + g = 4*m. Calculate the highest common factor of 80 and m.
10
Let b(w) = -w**3 + 2*w + 3. Let g be b(-2). Let v(f) = f**3 - 43*f**2 - 4*f + 287. Let y be v(0). What is the highest common factor of g and y?
7
Let i(h) = h**3 - 6*h**2 + 12*h - 14. Let p be i(3). Let n(u) = u**3 + 7*u**2 + 14*u + 62. Let z be n(p). What is the greatest common divisor of z and 54?
6
Let q(s) = 27*s + 4. Let k be q(12). Suppose -4*c + 126 + 38 = 0. Calculate the highest common divisor of c and k.
41
Let r = 32 + 12. What is the greatest common divisor of 550 and r?
22
Suppose -k = -4*p - 10, 5*k - 116 = -4*p + 2*p. Let a = k + -20. Suppose 2*f = 2*j + 16, 4 + 10 = -a*f - 4*j. What is the greatest common divisor of 1 and f?
1
Suppose -4*k - 785 = -5*t, t - 3*k + 30 = 198. What is the highest common divisor of t and 2091?
51
Let a = -113 + 110. Let s be a/(-2*15/860). What is the highest common divisor of 215 and s?
43
Let z be 3/((-15)/3 + 6). Suppose z*q - 35 = -2*l, 4*l - 20 = -q + 75. Calculate the greatest common factor of l and 10.
5
Let b(q) = q + 11. Let z be b(-3). Let t(p) = p**2 - p - 14. Let g be t(z). Suppose g + 110 = l. What is the highest common divisor of 19 and l?
19
Suppose -w = -2*w + 4, 2*w - 758 = -3*k. Let o = 326 - k. Calculate the highest common factor of 8 and o.
4
Let z = -5472 + 5483. What is the greatest common factor of 13277 and z?
11
Let g be (2/5)/(4*5/100). Suppose -u + 1 = -g. What is the greatest common divisor of u and 27?
3
Suppose -5*j = 3*t - 343, -2*t + 227 = -3*j + 8*j. Let s = t + -36. Calculate the greatest common factor of 20 and s.
20
Let o be 7/((-98)/182) + 933. Calculate the highest common divisor of o and 240.
40
Let r = -3890 - -4266. What is the highest common divisor of r and 72?
8
Let c be (65/(-52))/((-6)/456). Calculate the greatest common factor of c and 855.
95
Let j = -8732 - -8747. Suppose 3 = -4*d + 11. Suppose -3*t + 174 = -4*h + h, 2*t + d*h = 124. Calculate the highest common factor of j and t.
15
Let k = -494 + 909. What is the greatest common divisor of k and 1909?
83
Suppose 9*d - 3*d = 246. Let j = d + -33. Let g = 26 + 54. What is the highest common divisor of j and g?
8
Let p(s) = 21*s**3 + s**2 - 5*s - 5. Let n be p(3). Let v = n + -205. Calculate the highest common divisor of v and 13.
13
Let t(l) = -4*l + 9 + 2*l + l. Let i be t(12). Let j be (i + 95/10)*14. Calculate the highest common factor of 7 and j.
7
Let h be (10/(-12))/5 + 34300/168. Let w = h - 164. Calculate the greatest common divisor of w and 160.
40
Let i(h) = h**3 - 30*h**2 + 64*h - 1335. Let o be i(30). What is the highest common factor of o and 45?
45
Let n = -19424 - -20509. What is the highest common factor of 105 and n?
35
Let d(h) = 505*h - 1836. Let a be d(5). What is the highest common factor of 371 and a?
53
Let a = 271 + -252. Suppose -a = -7*r + 65. Calculate the greatest common divisor of r and 624.
12
Suppose 10*u - 102 = 8. Suppose -3*m - 786 = -2*w, -10*w + u*w = -2*m + 400. What is the greatest common divisor of w and 11?
11
Suppose 168 = 2*b + 2*b. Let i(a) = 28*a + 98. Let m(o) = -11*o - 531. Let d be m(-48). Let p be i(d). Calculate the greatest common divisor of b and p.
14
Let x(c) = c - 15. Suppose -6*g + g = 4*r + 303, 2*r - 4*g + 184 = 0. Let f = r - -104. Let t be x(f). What is the highest common factor of t and 14?
7
Let p = -2585 - -2594. Let i = 5 - 9. Let t be 3 + ((-1152)/i)/3. What is the highest common divisor of t and p?
9
Let t = 217 - 97. Let r be 8 - 1 - (77 - -3). Let u be r/(-5) - ((-39)/(-15) - 3). Calculate the greatest common factor of u and t.
15
Let a be 43 + -3 + -7 + 5. Suppose a*v = 8*v + 7680. Calculate the highest common divisor of 16 and v.
16